 = -c, 3*k = k - 2*o + 54. Calculate the greatest common factor of 145 and k.
29
Let u be (-561)/6 + 2 + 3/(-2). Let h = u + 158. What is the greatest common divisor of 26 and h?
13
Suppose 119*p + 495 = 122*p. Calculate the greatest common divisor of p and 385.
55
Suppose 0 = -4*b - 5*o + 415, 65*b - 2*o + 103 = 66*b. What is the highest common factor of 567 and b?
21
Let h(a) = 5*a + 3. Let g be h(2). Suppose -g = -b + 3*z, 0*b = -b + 2*z + 18. Calculate the greatest common factor of 7 and b.
7
Let q be (-1)/(((-24486)/2232)/(-11) - 1). What is the highest common factor of q and 93?
93
Suppose k = 2*s - 7, 5*k - 9*k - 13 = -5*s. Calculate the highest common divisor of s and 5.
5
Let a = 80 + -97. Let p = 20 + a. What is the greatest common divisor of 21 and p?
3
Suppose 5*n - 29 = -0*z + 3*z, -3*z + 4*n = 28. Let i be 2/z*2*-138. Calculate the highest common factor of 23 and i.
23
Suppose -372 = -h - r, 0*h + 1498 = 4*h + 2*r. Calculate the greatest common factor of h and 29.
29
Suppose 9 = -2*y + 13. Suppose -82 = -5*g - 3*o + 89, -95 = -3*g + y*o. Calculate the greatest common factor of g and 33.
33
Let n(w) = w**2 - w + 7. Let j be n(0). Suppose k = 2*u - 7 - 5, -20 = -3*u + 2*k. Suppose -u*p + 37 + 19 = 0. Calculate the highest common factor of j and p.
7
Suppose -2*t - 18 = t. Let d be 22/33 - (-130)/t. Let h = 34 + d. What is the greatest common divisor of h and 65?
13
Suppose 5*d = -5*t + 910, -3*t + 54*d - 50*d + 560 = 0. What is the greatest common factor of t and 23?
23
Let w = -701 + 716. Suppose -5*y = 3*o - 12, 2*o - y - 24 = y. What is the highest common divisor of w and o?
3
Let p(s) = 136*s - 420. Let m be p(5). What is the highest common factor of m and 40?
20
Suppose u - 2 = a, 4*a - 10 - 2 = -u. Let h = 8 - u. Suppose -5 = -h*c - w + 38, 3*w + 25 = 2*c. What is the greatest common factor of 44 and c?
11
Suppose l + 2*w = 23, 4*l - w = -0*w + 137. Let p be ((-22)/(-1))/(2/6). What is the greatest common divisor of l and p?
33
Suppose 0 = 2*z, 3*a + 3*z - 20 = -8. Suppose 5*w - a*w = 2. Let x be (34/4 - 3)*w. Calculate the highest common factor of 99 and x.
11
Suppose 4*p = -2*i + 2872, -3302 = -3*i - 4*p + 996. Calculate the greatest common divisor of i and 31.
31
Let s be (-34)/(-6) - 3/(-9). Let u be 6/s + 4/2. Suppose u*t = 5*t - 4. Calculate the greatest common factor of 5 and t.
1
Let p = -479 + 664. What is the greatest common divisor of 333 and p?
37
Let k = -135 - -144. Calculate the greatest common factor of 6 and k.
3
Suppose 7*l - 180 = 2*l. Let c = 82 + -58. What is the highest common factor of c and l?
12
Let y be 0*(-3)/(-6) + -8. Let l be ((-6)/9)/(y/(-12)). Let j be l/(8/(-7) - -1). Calculate the greatest common divisor of j and 42.
7
Let a be (-31)/(-5) - 3/60*4. Suppose -5*g + 38 = -82. What is the greatest common factor of a and g?
6
Let k(s) = s**2 - 1112*s - 5567. Let i be k(-5). Let c = -1579 - -1092. Let x be c/(-3) + (-2)/6. Calculate the greatest common factor of x and i.
18
Suppose 2*a = -3*y + 64, 3*y = -2*y. Suppose 2*j - a = -2*k, -5*k + 0*j - 4*j + 84 = 0. What is the highest common divisor of k and 30?
10
Suppose -19*w + 692 = -258. Suppose -7*i + 2*i - 4*k = -15, 2*i = -3*k + 13. Let u be (-25)/i + (-2 - -2). What is the highest common divisor of u and w?
25
Let m be (-1)/2 - (-60)/8. Let t(z) = 2*z + 10*z**2 - m - 5*z + 3*z**3 - 4*z**3 - 5*z. Let i be t(9). Calculate the highest common divisor of i and 2.
2
Suppose -2*c + 4*c = -3*s - 1, -4*c - 4 = 4*s. Let i be (2 - s)/(1/228*1). What is the greatest common divisor of 38 and i?
38
Let r(n) = -58*n - 312. Let l be r(-6). What is the highest common divisor of l and 9?
9
Suppose h = -h + 8. Suppose 2*n - k - 10 = 0, h*n = 4*k + k + 8. Suppose -3*m = 2*s - 2, -3*s = 6*m - m - 3. What is the greatest common factor of n and s?
1
Let g = 4 - -3. Let o(s) = 5*s**2 + 2*s - 9. Let t be o(-4). What is the greatest common divisor of t and g?
7
Let t be (-7337)/69*-1*6. What is the highest common factor of 116 and t?
58
Suppose -149 = -45*d - 14. Let i be 3 + 0*(-2)/(-4). Suppose 2*w - 3*l - 27 = 0, 2*l = -i*w - 15 + 49. Calculate the highest common factor of w and d.
3
Suppose c = 28 + 14. Suppose 2*d = -a + 6, 0 = 5*d + 47 - 27. What is the greatest common factor of c and a?
14
Let z be (-12)/15*30/(-4). Let v be z/9 - 187/(-3). Suppose 8*y = 50 + 6. What is the highest common factor of v and y?
7
Let r(s) = -2*s**3 - 12*s**2 - 2*s - 2. Let q be r(-6). Calculate the greatest common factor of q and 35.
5
Let x be (-2 + -1)/(102/6494). Let m = 255 + x. Let g be (4*4)/(1 + 0). What is the greatest common divisor of m and g?
16
Let v(a) = 12*a + 16. Let p(b) = 3*b + 4. Let j(u) = -9*p(u) + 2*v(u). Let r be j(-7). Calculate the greatest common factor of r and 34.
17
Suppose -2*k + 4*k = 3*d - 8, 5 = d - 3*k. Suppose -2*o + 2 = d*b, b + o = -o + 2. Let j = 20 - b. What is the greatest common divisor of j and 5?
5
Let v = -1 - -2. Let p be (57/38)/((-159)/(-26) + -6). What is the highest common divisor of p and v?
1
Suppose g + 3*t = 11, 7*g - 3*g - 5*t = 78. What is the highest common factor of g and 3434?
17
Let d(q) = q**2 - 7*q - 11. Let t be d(8). Let l be 15 + t + -4 + -4. What is the greatest common divisor of l and 36?
4
Suppose 2*k - 25 = 23. Let l be (-8)/k*(1 + -37). What is the greatest common factor of 24 and l?
12
Let v be (-131)/(-3) + 12/9. Let a be (-27)/(-2)*48/36. Calculate the highest common factor of a and v.
9
Let u be -1*(-1 + (-272 - 12/(-3))). Suppose u = 29*r - 1471. Let y be 43 + 1 - 2 - 2. What is the greatest common divisor of r and y?
20
Let a be (-7)/(-2) - 2/4. Suppose 0*r + a = r. Suppose -3*m = -2*g - g + 9, 30 = 5*m + 4*g. What is the greatest common factor of r and m?
1
Suppose 4*o - 5 = 2*p - 75, -2*p - o = -50. What is the highest common factor of 1 and p?
1
Suppose 2*h = -3*w - 2*h + 282, 0 = -w + 2*h + 104. Let p be 5/((-45)/(-6))*-30. Let v = p + 34. What is the greatest common factor of v and w?
14
Suppose 0*v + 88 = 4*a + 5*v, 110 = 5*a + v. Let r = a - 31. Let m be 2*6/(-4) - r. What is the highest common divisor of 48 and m?
6
Let a be 40/(-3)*414/(-184). Calculate the highest common divisor of 75 and a.
15
Let c = 31 + -51. Let i be 32/(-5) - 8/c. Let m be (88/i)/((-28)/294). Calculate the highest common factor of 14 and m.
14
Suppose -2*v = -u + 27, -2*u - 5*v = -2 - 16. What is the greatest common factor of u and 76?
19
Suppose -11272 = -35*c + 31253. What is the highest common divisor of c and 15?
15
Suppose 30 + 1 = 4*i + c, -i + c = -14. What is the highest common divisor of i and 549?
9
Let g(x) = 4*x - 3*x + 20 - 10. Let y be g(4). What is the greatest common divisor of 21 and y?
7
Suppose -21*q = -5*k - 16*q + 110, -k + 6 = 3*q. Calculate the highest common factor of 1062 and k.
18
Let g be (-2)/5 - (-111)/15. Suppose 2 = -j + g. Suppose -j*q = -86 + 1. What is the greatest common divisor of q and 187?
17
Let r = -138 + 244. Let c = r - 51. What is the highest common factor of c and 11?
11
Let j = -255 - -117. Let l = -53 - j. Let w = l + -50. Calculate the highest common divisor of 7 and w.
7
Let b = 43 + -29. What is the highest common factor of 21 and b?
7
Suppose 3*s + 12 = j - 2*j, 3*s + 30 = 5*j. Suppose 0 = -3*i - 2*c + 22, 2*c - j*c - 17 = -2*i. What is the greatest common factor of 64 and i?
8
Let k(u) = -28*u - 36. Let g be k(10). Let q = -217 - g. Calculate the highest common divisor of 11 and q.
11
Suppose 50 + 85 = 3*d. Calculate the greatest common factor of d and 15.
15
Let h be (-12)/24 + (-10)/(-4). Suppose -4*w + h*w = 0. Suppose w = n + n - 8. Calculate the greatest common divisor of n and 36.
4
Suppose p - 4*p = -21. Suppose 0 = 3*y + 3*l + 6, -5*l = -3*y - l + 1. Let f be (-6)/2*(y + 12/(-9)). What is the greatest common factor of f and p?
7
Suppose 44 = 6*s - 148. Suppose -5*f + 3*c = -172, -5*f + 4*c + 259 - 83 = 0. What is the greatest common divisor of s and f?
32
Let v be (-3450)/(-20) + 1/(-2) - 4. Let m be ((-15)/45)/((-2)/v). What is the greatest common divisor of m and 112?
28
Suppose -p = -3*i + 78, 0*p = -4*i + p + 105. Let b = i - 27. Suppose b = -4*m + 2*m + 74. Calculate the greatest common factor of m and 185.
37
Suppose 1437 = 5*c - 2*n, -c + 0*n - n + 286 = 0. Le